- 4*l + 2. What are the prime factors of q(14)?
2, 13
Let j(r) = -6*r + 15. Let k be j(9). Let b = -20 - k. List the prime factors of b.
19
Let f = 260 - 246. What are the prime factors of f?
2, 7
Let z(t) = -5*t - 38. List the prime factors of z(-12).
2, 11
Let l = 107 + -105. Let g(h) = -6*h**2 - 4. Let t(c) = -6*c**2 - 3. Let i(u) = 4*g(u) - 5*t(u). What are the prime factors of i(l)?
23
Let h = 3182 - 1448. What are the prime factors of h?
2, 3, 17
Let g be (-6)/4*32/(-3). Suppose 0*m = -3*m + b - g, 0 = 2*m - 5*b + 2. Let x(o) = -4*o + 4. What are the prime factors of x(m)?
2, 7
What are the prime factors of 98036/36 - (-4)/(-18)?
7, 389
Let n = 2 + 0. Let p = 325 + -223. Suppose 3*u = -3*q + p, n*q + 5*u = -3 + 71. List the prime factors of q.
2, 17
What are the prime factors of 4 + -6 + 2685/5?
5, 107
Let o(u) = -2*u**3 + 10*u**2 + 20*u + 31. What are the prime factors of o(-10)?
19, 149
Let i = 394 + 684. List the prime factors of i.
2, 7, 11
Let z(t) = -t + 6. Let g be z(3). Suppose 1 = -4*l - 2*s + 7, -4*l + s + g = 0. List the prime factors of -1 + l + 0 + 35.
5, 7
Let d(o) = o**3 - 7*o**2 - 8*o + 5. Let x be d(8). Suppose -x*g + 243 + 302 = 0. What are the prime factors of g?
109
Suppose 4*a - 2*k - 662 = 0, a + 2*k - 33 - 145 = 0. Suppose -12 = -3*o + o. Suppose o*p = 3*p + a. What are the prime factors of p?
2, 7
Let d be (-24)/(-18)*((-63)/(-6) - 3). Suppose -d*r = -6*r - 84. List the prime factors of r.
3, 7
Suppose -3*j - 344 = 1. Let f = 231 + j. List the prime factors of (f - -1)*(-1)/(-3).
3, 13
Suppose -a + 2371 = -4*p + 368, -4*p = a - 1979. What are the prime factors of a?
11, 181
Suppose 2*d - 5*j - 825 = 0, -3*d + 1180 = -0*j + 4*j. List the prime factors of d.
2, 5
Let r = -3675 + 5529. What are the prime factors of r?
2, 3, 103
Suppose 39*v - 51758 = 52996. List the prime factors of v.
2, 17, 79
Let v(q) = 5*q - 4. Suppose 2*p - 7*p + 3*b - 54 = 0, p + 3*b = -18. Let d = p - -16. List the prime factors of v(d).
2
Let u = 34 - -148. Suppose -5*s = 25, 0*h - 3*h = -4*s - u. What are the prime factors of h?
2, 3
Let h = -7 + 10. Suppose l - 1 = 0, 3*i = h*l - 2*l + 179. Suppose -5*c - 4*r = -144, -3*r = -2*c - 4*r + i. List the prime factors of c.
2
Let c = -1062 + 1765. What are the prime factors of c?
19, 37
Let s(q) = -q + 2. Let j be s(-1). Suppose -28 = -j*h + h. List the prime factors of h.
2, 7
Let f = 29 + -17. Suppose -4*h + 0*h = -f. Suppose -3*y + 39 = 2*u, -h*y - 4*u + 45 = -0*u. List the prime factors of y.
11
Suppose 31 = 4*b - 13. What are the prime factors of ((-239)/(-2)*-1)/(b/(-22))?
239
Let t(c) be the first derivative of -4 - 4/3*c**3 + 1/4*c**4 - 3*c**2 - 7*c. List the prime factors of t(6).
29
Suppose -18 = -o - 4*j, o = -j - 1 + 7. Suppose o*b - 28 = -8. What are the prime factors of b?
2, 5
Let q = 5 - 21. Let i(v) = -v - 12. Let o be i(-2). Let g = o - q. List the prime factors of g.
2, 3
Suppose -4*w + 20 = 0, 3*r - w + 60 - 1399 = 0. What are the prime factors of r?
2, 7
Let m(o) = -20*o - 5. Let a be m(-3). Let d = 77 + a. List the prime factors of d.
2, 3, 11
Let d(u) = 4*u**2 - 6*u + 9. Let w(k) = -2*k + 19. Let c be w(7). List the prime factors of d(c).
79
Let i(x) = -x + 11*x + 0*x. Let m(j) = j**3 + 4*j**2 - 3*j - 12. Let g be m(-2). List the prime factors of i(g).
2, 5
Let f = -2536 + 6180. What are the prime factors of f?
2, 911
Suppose -3*l = -12, -5*b + l + 187 = -l. Suppose v - b + 147 = 2*p, -5*v - 63 = -p. What are the prime factors of p?
53
Let s(z) be the second derivative of 31*z**3/2 + 2*z**2 + 13*z. List the prime factors of s(1).
97
Let a(m) = m**2 + 3*m - 2. Suppose 2*t - 3*t - 7 = 0. Let h be a(t). List the prime factors of h/10 + (-14)/(-35).
3
Suppose -628 = -4*s - 2*i + 18, -2*i = 2*s - 326. Suppose -r - s = -11*r. What are the prime factors of r?
2
Suppose 0 = 2*k - w - 0*w + 39, 0 = -4*k - 2*w - 58. Let q be ((442/6)/17)/((-3)/9). Let i = q - k. List the prime factors of i.
2
Suppose 0 = 3*l - 0*h - 2*h - 775, -2*l - h + 512 = 0. What are the prime factors of l?
257
List the prime factors of -9*1/(-72) + (-40734)/(-16).
2, 19, 67
List the prime factors of 2 + -5 - 652/12*-3.
2, 5
Suppose -4*l - 11 - 21 = 0. Let a = 6 + l. What are the prime factors of (-4 + a + 2)*-2?
2
What are the prime factors of (-1 + 0)/(26/(-20696))?
2, 199
Suppose 10*m - 21 + 1 = 0. Suppose 3*x + u = 307, 0*x - x = -m*u - 114. List the prime factors of x.
2, 13
Suppose 2*r - 3*l + 537 = 3*r, 4*r - 3*l - 2118 = 0. List the prime factors of r.
3, 59
Suppose 3*y = -y + 3*t + 15, -5*y = -5*t - 20. Let m be y - 123/(-6)*2. Suppose 1 = 5*i - m. List the prime factors of i.
3
Let b(f) = 15*f**2 - 10*f - 20. List the prime factors of b(-5).
3, 5
Let t(x) = -15*x - 35. Let w be t(-17). Suppose 5*j = 4*d + d - w, 3*j = 4*d - 174. List the prime factors of d.
2, 3, 7
Suppose 2 = v - 10. Let b be (-6 - -3) + (0 - v). Let x = b + 72. What are the prime factors of x?
3, 19
Let i = -19 + 22. Suppose -4*b = i*p - 149, -2*b + 2*p = -6*b + 146. List the prime factors of b.
5, 7
Let r(j) = 17*j + 2. Let o(g) = -g**3 + 7*g**2 + g - 6. Let i be o(7). Let d be r(i). Suppose -3*h + 44 = -d. What are the prime factors of h?
3, 7
Let q = -2417 - -8305. What are the prime factors of q?
2, 23
Suppose -5*i - 5*i + 9360 = 0. List the prime factors of i.
2, 3, 13
Let n(m) = -219*m + 128. List the prime factors of n(-17).
3851
Let l be (-1 + (-52)/(-12))*-3. Let w be 12 + l + -1 + 3. Suppose 3*x + 11 = w*x. List the prime factors of x.
11
Let t be (-6)/(-30) + (-18)/(-10). Suppose -z - 10 = t*z - 5*y, 3*y - 30 = -3*z. Let p(a) = 6*a + 6. What are the prime factors of p(z)?
2, 3
What are the prime factors of (-17164)/(-224) - (-3)/8?
7, 11
Let n be (104 - 2)/2 + (-51)/17. Let q = 74 - n. What are the prime factors of q?
2, 13
Let h(p) = 2*p**3 - 15*p**2 + 31*p - 83. List the prime factors of h(12).
5, 317
Let d be ((-60)/(-45))/((-2)/(-6)). Let p(n) = 16*n - 20. What are the prime factors of p(d)?
2, 11
Let q be 43/(-3) + (-1)/(-3). Let p = 18 + q. Let i = p - -3. List the prime factors of i.
7
Let v(d) = d**2 + 8*d - 28. Let l be v(-10). Let p = 1 + -4. List the prime factors of 32 + l/(7 + p).
2, 3, 5
Let b = 8 + -8. Suppose 45 = j - 2*v, v + 45 = j - b*v. List the prime factors of j.
3, 5
Let v(i) = -8*i**3 + 14*i**2 - 7*i - 19. List the prime factors of v(-6).
5, 11, 41
Let j be (-88)/72 - (-4)/18. Let h be j*3 - (3 - 34). List the prime factors of -16 + 20 + h/1.
2
Suppose 5*r + 5*z = -0*r, 0 = -2*z + 4. Let v(m) = -61*m + 2 + 120*m - 60*m. What are the prime factors of v(r)?
2
What are the prime factors of (-4 - -1)*276940/(-366)?
2, 5, 227
Let u(v) be the first derivative of -v**2/2 + 43*v - 1. Let t be 0/(21/(-35) - (-2)/(-5)). List the prime factors of u(t).
43
Let v be (1/(-2))/(5/150). Let d = v - 4. Let g = 79 + d. What are the prime factors of g?
2, 3, 5
Let r = 9 + -2. Suppose 3*y = r*y - 180. Suppose -5*n = -3*k + 5 - y, -2*n + 3*k = -7. What are the prime factors of n?
11
What are the prime factors of (-224510)/(-297) - (-4)/54?
2, 3, 7
Let b be ((-45)/(-4))/(3/(-8)). Let h be 2/(-6) - 2770/b. Suppose 0 = 4*g - 4*o - 64, 2*g + 2*o = 7*g - h. What are the prime factors of g?
2, 5
Let b(n) = -n**3 + 6*n**2 - 4*n - 1. Let h be b(5). Suppose -4*o - h*x = -0*o + 4, 5*x + 41 = 4*o. Suppose 2*z - 44 = -o. List the prime factors of z.
2, 5
Suppose 10*c = 11*c - 1625. What are the prime factors of c?
5, 13
Let v(i) = -i**2 - 7*i - 12. Let t be v(-11). Let g = 176 + t. Suppose -g = -4*q - 0*q. List the prime factors of q.
2, 3, 5
Let k(n) = 16*n - 1. Let s = 20 + -6. Suppose 3*m = x + 13, -3*m = x - 3 - s. What are the prime factors of k(x)?
31
Let x(l) = -3*l + 6. Suppose 4*n - 16 = -0*n. Let y be x(n). What are the prime factors of 3/(-9) + (-50)/y?
2
Let h(a) = -3*a - 35. List the prime factors of h(-23).
2, 17
Let z(j) be the first derivative of 4*j**3/3 - 3*j**2/2 - 2*j + 8. What are the prime factors of z(5)?
83
Let b = 32 + -35. Let z = b - -35. List the prime factors of z.
2
Suppose 3*k - 4*w - 2318 = 0, 3*k - 2317 = -0*w + 5*w. List the prime factors of k.
2, 3, 43
Let k = -143 - -635. List the prime factors of k.
2, 3, 41
Let i(p) = -2*p**3 - 3*p**2 + 3. Suppose -5*h + 2*g - 4*g - 43 = 0, 4*h = -4*g - 32